{"id":1273,"date":"2019-09-07T17:40:24","date_gmt":"2019-09-07T15:40:24","guid":{"rendered":"http:\/\/parafia.scinawa.info\/?page_id=1273"},"modified":"2021-06-05T13:32:44","modified_gmt":"2021-06-05T11:32:44","slug":"spowiedz","status":"publish","type":"page","link":"http:\/\/parafia.scinawa.info\/index.php\/sakramenty-2\/spowiedz\/","title":{"rendered":"Spowied\u017a"},"content":{"rendered":"\n<p class=\"has-medium-font-size\"><strong>Spowied\u017a w naszej parafii<br><\/strong><br> Codziennie spowied\u017a i adoracja Naj\u015bwi\u0119tszego Sakramentu o godz. <strong>17<sup>00<\/sup><\/strong><\/p>\n\n\n\n<p><strong>Dodatkowo:<br><\/strong><br>w pierwszy pi\u0105tek miesi\u0105ca:  od 17.00 <br>W razie konieczno\u015bci zawsze mo\u017cna poprosi\u0107 kap\u0142ana o sakrament spowiedzi po ka\u017cdej Mszy \u015bwi\u0119tej.<\/p>\n\n\n\n<p><strong>Sakrament pokuty i pojednania<\/strong>, zwany popularnie&nbsp;spowiedzi\u0105,&nbsp;jest sakramentem, w kt\u00f3rym mo\u017cemy uzyska\u0107&nbsp;pojednanie z Bogiem i Ko\u015bcio\u0142em, czyli odpuszczenie wszystkich naszych grzech\u00f3w (por. KKK 1422).<\/p>\n\n\n\n<p>Sakrament ten&nbsp;zosta\u0142 ustanowiony przez Jezusa, kt\u00f3ry&nbsp;w\u0142adz\u0119 odpuszczania grzech\u00f3w da\u0142 Aposto\u0142om, a oni przekazali je&nbsp;kap\u0142anom. Jezus powiedzia\u0142 do Aposto\u0142\u00f3w: We\u017amijcie Ducha \u015awi\u0119tego, kt\u00f3rym grzechy odpu\u015bcicie, s\u0105 im odpuszczone, a kt\u00f3rym zatrzymacie s\u0105 im zatrzymane (por. KKK 1461-1462).<\/p>\n\n\n\n<p>M\u00f3wi\u0105c o spowiedzi, mo\u017cemy u\u017cywa\u0107 r\u00f3\u017cnych nazw, kt\u00f3re wprowadzaj\u0105 nas w ca\u0142e bogactwo tego sakramentu. Mo\u017cna m\u00f3wi\u0107, \u017ce spowied\u017a to:<\/p>\n\n\n\n<p><\/p>\n\n\n\n<ul class=\"wp-block-list\"><li><em><strong>sakrament nawr\u00f3cenia<\/strong><\/em>,&nbsp;poniewa\u017c urzeczywistnia w spos\u00f3b sakramentalny wezwanie Jezusa do nawr\u00f3cenia, drog\u0119 powrotu do Ojca, od kt\u00f3rego cz\u0142owiek oddali\u0142 si\u0119 przez grzech;<\/li><li><strong><em>sakrament pokuty<\/em><\/strong>, poniewa\u017c ukazuje osobist\u0105 i eklezjaln\u0105 drog\u0119 nawr\u00f3cenia, skruchy i zado\u015b\u0107uczynienia ze strony grzesznego chrze\u015bcijanina;<\/li><li><strong><em>sakrament spowiedzi<\/em><\/strong>, poniewa\u017c oskar\u017cenie &#8211; spowied\u017a z grzech\u00f3w przed kap\u0142anem jest istotnym elementem tego sakramentu; sakrament ten jest r\u00f3wnie\u017c &#8222;wyznaniem&#8221;, uznaniem i uwielbieniem \u015bwi\u0119to\u015bci Boga oraz Jego mi\u0142osierdzia wobec grzesznego cz\u0142owieka;<\/li><li><em><strong>sakrament przebaczenia<\/strong><\/em>, poniewa\u017c przez sakramentalne rozgrzeszenie wypowiedziane s\u0142owami kap\u0142ana B\u00f3g udziela penitentowi &#8222;przebaczenia i pokoju&#8221;;<\/li><li><strong><em>sakrament pojednania<\/em><\/strong>, poniewa\u017c udziela grzesznikowi mi\u0142o\u015bci Boga przynosz\u0105cej pojednanie: &#8222;Pojednajcie si\u0119 z Bogiem&#8221; (2 Kor 5, 20); ten, kto \u017cyje mi\u0142osiern\u0105 mi\u0142o\u015bci\u0105 Boga, jest gotowy odpowiedzie\u0107 na wezwanie Pana: &#8222;Najpierw id\u017a i pojednaj si\u0119 z bratem swoim&#8221; (Mt 5, 24) (KKK 1423-1424).<\/li><\/ul>\n\n\n\n<p>Przyst\u0119puj\u0105c do spowiedzi nale\u017cy&nbsp;wyzna\u0107 swoje grzechy przed kap\u0142anem, kt\u00f3ry w imieniu Boga nam je odpuszcza. M\u00f3wi on:&nbsp;JA ODPUSZCZAM CI GRZECHY W IMI\u0118 OJCA I SYNA I DUCHA \u015aWI\u0118TEGO.<\/p>\n\n\n\n<p>Przez&nbsp;grzech cz\u0142owieka&nbsp;rozumiemy&nbsp;wykroczenie przeciw rozumowi,&nbsp;prawdzie&nbsp;i&nbsp;prawemu sumieniu. Jest&nbsp;brakiem prawdziwej mi\u0142o\u015bci&nbsp;do Boga i bli\u017aniego z powodu niew\u0142a\u015bciwego przywi\u0105zania do pewnych d\u00f3br.&nbsp;Rani&nbsp;on natur\u0119 ludzk\u0105 cz\u0142owieka.&nbsp;Jest obraz\u0105&nbsp;Pana Boga, niepos\u0142usze\u0144stwem&nbsp;i&nbsp;buntem&nbsp;wzgl\u0119dem Niego.&nbsp;Grzech niszczy w nas \u017cycie Bo\u017ce i rani ca\u0142y Ko\u015bci\u00f3\u0142.&nbsp;Grzech jest 'mi\u0142o\u015bci\u0105 siebie, posuni\u0119t\u0105 a\u017c do pogardy Boga&#8217; (por. KKK 1849-1850).<\/p>\n\n\n\n<p>Najwa\u017cniejsz\u0105&nbsp;pomoc\u0105 w przygotowaniu do sakramentu pokuty i pojednania, jest&nbsp;szczera, otwarta&nbsp;i&nbsp;wytrwa\u0142a modlitwa do Ducha \u015awi\u0119tego, kt\u00f3ry przychodzi i objawia nam prawd\u0119 o nas samych. Poza modlitw\u0105&nbsp;nie mo\u017cna zapomina\u0107 o wiedzy, kt\u00f3r\u0105 mo\u017cna zdoby\u0107 dzi\u0119ki odpowiedniej lekturze, kt\u00f3ra z kolei b\u0119dzie&nbsp;wyczula\u0142a nasze sumienie&nbsp;na sprawy naszej moralno\u015bci, a co za tym idzie b\u0119dzie&nbsp;formowa\u0142a nasze \u017cycie duchowe.<\/p>\n\n\n\n<p>Praktyczn\u0105 pomoc\u0105, aby dobrze prze\u017cy\u0107 spowied\u017a s\u0105&nbsp;warunki dobrej spowiedzi. Oto one:<\/p>\n\n\n\n<p><\/p>\n\n\n\n<ol class=\"wp-block-list\"><li><strong><em>Rachunek sumienia<\/em><\/strong>&nbsp;&#8211; zaczynaj\u0105c od modlitwy do Ducha \u015awi\u0119tego przechodzi si\u0119 do przypomnienia sobie&nbsp;wszystkich pope\u0142nionych grzech\u00f3w&nbsp;od ostatniej dobrej spowiedzi. Rachunek sumienia nale\u017cy przygotowa\u0107&nbsp;w \u015bwietle s\u0142owa Bo\u017cego. Najbardziej nadaj\u0105 si\u0119 do tego teksty, kt\u00f3rych nale\u017cy szuka\u0107 w Dekalogu i w katechezie moralnej Ewangelii i List\u00f3w Apostolskich: w Kazaniu na G\u00f3rze i pouczeniach apostolskich (KKK 1454).Pomoc\u0105 mog\u0105 by\u0107 tak\u017ce modlitewniki z zamieszczonym rachunkiem sumienia. Warto odpowieni\u0105 ilo\u015b\u0107 czasu sp\u0119dzi\u0107 nad rachunkiem sumienia, aby p\u00f3\u017aniej mie\u0107 poczucie, \u017ce wszystkie grzechy zosta\u0142y wyznane. Gdy kto\u015b si\u0119 boi, \u017ce czego\u015b zapomni, mo\u017ce sobie wynotowa\u0107 grzechy na kartce i z ni\u0105 przyj\u015b\u0107 do kap\u0142ana.<\/li><li><strong><em>\u017bal za grzechy<\/em><\/strong>&nbsp;&#8211; jest to&nbsp;b\u00f3l duszy i znienawidzenie pope\u0142nionego grzechu&nbsp;z postanowieniem niegrzeszenia w przysz\u0142o\u015bci (KKK 1451). \u017bal za grzechy zajmuje pierwsze miejsce w\u015br\u00f3d akt\u00f3w cz\u0142owieka przyst\u0119puj\u0105cego do spowiedzi.<\/li><li><strong><em>Mocne postanowienie poprawy<\/em><\/strong>&nbsp;&#8211; jest integralnie z\u0142\u0105czone z \u017calem za grzechy. Chodzi o szczer\u0105 wol\u0119 poprawy i przemiany \u017cycia, o&nbsp;pragnienie nawr\u00f3cenia, konkretnego i trwa\u0142ego. Dokonuj\u0119 ono na&nbsp;p\u0142aszczy\u017anie decyzji&nbsp;i deklaracji wobec Boga oraz&nbsp;praktycznie w usuni\u0119ciu wszystkich okoliczno\u015bci i trwa\u0142ych sytuacji, kt\u00f3re pomagaj\u0105 w grzechu np. gdy kto\u015b chce sko\u0144czy\u0107 z kradzie\u017c\u0105, musi opu\u015bci\u0107 gang, je\u015bli do niego nale\u017cy; gdy kto\u015b chce \u017cy\u0107 w czysto\u015bci musi uregulowa\u0107 spraw\u0119 zamieszkania z partnerem przed \u015blubem.<\/li><li><strong><em>Szczera spowied\u017a<\/em><\/strong>&nbsp;&#8211; wyznanie grzech\u00f3w wobec kap\u0142ana&nbsp;jest istotnym elementem sakramentu spowiedzi. Wyznanie ma by\u0107&nbsp;szczere,&nbsp;jasne&nbsp;i&nbsp;pe\u0142ne&nbsp;(wszystkie grzechy od ostatniej dobrej spowiedzi, nawet gdyby ona by\u0142a wiele lat temu). Cho\u0107 wyznaniu niekt\u00f3rych grzech\u00f3w mo\u017ce towarzyszy\u0107 poczucie wstydu i strachu, nale\u017cy jednak przem\u00f3c si\u0119 wewn\u0119trznie i podj\u0105\u0107 ten trud. Do wa\u017cno\u015bci spowiedzi nale\u017cy wymienienie wszystkich grzech\u00f3w \u015bmiertelnych, kt\u00f3re si\u0119 pami\u0119ta, a nie tylko wybranych.<\/li><li><strong><em>Zado\u015b\u0107uczynienie<\/em><\/strong>&nbsp;&#8211; kr\u00f3tko m\u00f3wi\u0105c jest to&nbsp;naprawienie szkody&nbsp;jak\u0105 przez grzech wyrz\u0105dzi\u0142o si\u0119 bli\u017aniemu, np. w przypadku kradzie\u017cy oddanie skradzionej rzeczy lub w inny spos\u00f3b wynagrodzenie pokrzywdzonej osobie. Na p\u0142aszczy\u017anie wewn\u0119trznej zado\u015b\u0107uczynieniem jest odprawienie pokuty&nbsp;zadanej przez spowiednika.<\/li><\/ol>\n\n\n\n<p>Ko\u015bci\u00f3\u0142 zach\u0119ca do spowiedzi przynajmniej raz w roku, ale cz\u0142owiek, kt\u00f3ry dba o swoje \u017cycie duchowe, a tak\u017ce o pog\u0142\u0119bion\u0105 relacje z Bogiem powinien jednak przyst\u0119powa\u0107 do spowiedzi regularnie, aby m\u00f3c jak najg\u0142\u0119biej do\u015bwiadcza\u0107 przebaczenia, przemieniaj\u0105cej \u0142aski i \u017cy\u0107 w sta\u0142ej Komunii z Chrystusem.<\/p>\n\n\n\n<p>Pan B\u00f3g w spowiedzi naprawia relacj\u0119 mi\u0119dzy sob\u0105 grzesznikiem, daje \u0142ask\u0119 u\u015bwi\u0119caj\u0105c\u0105, leczy rany zadane przez grzech, a tak\u017ce daje cz\u0142owiekowi Ducha \u015awi\u0119tego, aby ten m\u00f3g\u0142 \u017cy\u0107 pe\u0142ni\u0105 \u017cycia.\n\n<\/p>\n","protected":false},"excerpt":{"rendered":"<p>Spowied\u017a w naszej parafii Codziennie spowied\u017a i adoracja Naj\u015bwi\u0119tszego Sakramentu o godz. 1700 Dodatkowo:w pierwszy pi\u0105tek miesi\u0105ca: od 17.00 W razie konieczno\u015bci zawsze mo\u017cna poprosi\u0107 kap\u0142ana o sakrament spowiedzi po ka\u017cdej Mszy \u015bwi\u0119tej. Sakrament pokuty i pojednania, zwany popularnie&nbsp;spowiedzi\u0105,&nbsp;jest sakramentem, w kt\u00f3rym mo\u017cemy uzyska\u0107&nbsp;pojednanie z Bogiem i Ko\u015bcio\u0142em, czyli odpuszczenie&#8230; <a class=\"continue-reading-link\" href=\"http:\/\/parafia.scinawa.info\/index.php\/sakramenty-2\/spowiedz\/\">Czytaj dalej <span class=\"meta-nav\">&rarr; <\/span><\/a><\/p>\n","protected":false},"author":1,"featured_media":0,"parent":1243,"menu_order":0,"comment_status":"closed","ping_status":"closed","template":"","meta":{"footnotes":""},"class_list":["post-1273","page","type-page","status-publish","hentry"],"_links":{"self":[{"href":"http:\/\/parafia.scinawa.info\/index.php\/wp-json\/wp\/v2\/pages\/1273","targetHints":{"allow":["GET"]}}],"collection":[{"href":"http:\/\/parafia.scinawa.info\/index.php\/wp-json\/wp\/v2\/pages"}],"about":[{"href":"http:\/\/parafia.scinawa.info\/index.php\/wp-json\/wp\/v2\/types\/page"}],"author":[{"embeddable":true,"href":"http:\/\/parafia.scinawa.info\/index.php\/wp-json\/wp\/v2\/users\/1"}],"replies":[{"embeddable":true,"href":"http:\/\/parafia.scinawa.info\/index.php\/wp-json\/wp\/v2\/comments?post=1273"}],"version-history":[{"count":2,"href":"http:\/\/parafia.scinawa.info\/index.php\/wp-json\/wp\/v2\/pages\/1273\/revisions"}],"predecessor-version":[{"id":1742,"href":"http:\/\/parafia.scinawa.info\/index.php\/wp-json\/wp\/v2\/pages\/1273\/revisions\/1742"}],"up":[{"embeddable":true,"href":"http:\/\/parafia.scinawa.info\/index.php\/wp-json\/wp\/v2\/pages\/1243"}],"wp:attachment":[{"href":"http:\/\/parafia.scinawa.info\/index.php\/wp-json\/wp\/v2\/media?parent=1273"}],"curies":[{"name":"wp","href":"https:\/\/api.w.org\/{rel}","templated":true}]}}